{"id":2612,"date":"2021-06-11T13:11:41","date_gmt":"2021-06-11T16:11:41","guid":{"rendered":"https:\/\/softmetais.com.br\/loja\/?post_type=product&#038;p=2612"},"modified":"2026-02-18T16:47:50","modified_gmt":"2026-02-18T19:47:50","slug":"solda-em-fio-para-reparos-eletricos-com-resina-1mm","status":"publish","type":"product","link":"https:\/\/softmetais.com.br\/loja\/product\/solda-em-fio-para-reparos-eletricos-com-resina-1mm\/","title":{"rendered":"Solda para eletr\u00f4nica fio resinoso 1 mm &#8211; 1 tubete de 25g"},"content":{"rendered":"<ul>\n<li><strong>Nome comercial:<\/strong> Solda em fio para reparos el\u00e9tricos &#8211; com resina &#8211; 1mm<\/li>\n<li><strong>Peso: <\/strong>25g<\/li>\n<li><strong>Validade: <\/strong>48 meses<\/li>\n<li><strong>Apresenta\u00e7\u00e3o:<\/strong> Tubete com 25g<\/li>\n<li><strong>Onde utilizar:<\/strong> Soldagem manual com ferro de solda para retrabalhos e soldagens em geral de dispositivos el\u00e9tricos ou eletr\u00f4nicos; soldagem de cabos de cobre, fios, etc.<\/li>\n<li><strong>Seguran\u00e7a:<\/strong> Este fio cont\u00e9m um fluxo interno que auxilia na soldagem. Durante o trabalho, observa-se que h\u00e1 a forma\u00e7\u00e3o de fuma\u00e7a proveniente deste fluxo, com odor caracter\u00edstico. Estes fumos n\u00e3o devem ser inalados, podem causar irrita\u00e7\u00e3o na mucosa nasal. Cont\u00e9m chumbo.<\/li>\n<li><strong>Solicitar Ficha de Seguran\u00e7a:<\/strong> FISPQ<\/li>\n<\/ul>\n<h3><strong>ATEN\u00c7\u00c3O: <\/strong>Para compras acima de R$1.000,00 entre com nosso time comercial atrav\u00e9s do <a href=\"https:\/\/api.whatsapp.com\/send?phone=5517997313870\">WhatsApp<\/a>.<\/h3>\n","protected":false},"excerpt":{"rendered":"<p><strong>C\u00f3digo:<\/strong> SREL\/U10<br \/>\n<strong>Nome:<\/strong> Solda em fio para reparos el\u00e9tricos &#8211; Tubete<\/p>\n","protected":false},"featured_media":2615,"template":"","meta":{"_exactmetrics_skip_tracking":false,"_exactmetrics_sitenote_active":false,"_exactmetrics_sitenote_note":"","_exactmetrics_sitenote_category":0},"product_brand":[],"product_cat":[92],"product_tag":[],"class_list":{"0":"post-2612","1":"product","2":"type-product","3":"status-publish","4":"has-post-thumbnail","6":"product_cat-eletronica","8":"first","9":"instock","10":"featured","11":"taxable","12":"shipping-taxable","13":"purchasable","14":"product-type-simple"},"_links":{"self":[{"href":"https:\/\/softmetais.com.br\/loja\/wp-json\/wp\/v2\/product\/2612","targetHints":{"allow":["GET"]}}],"collection":[{"href":"https:\/\/softmetais.com.br\/loja\/wp-json\/wp\/v2\/product"}],"about":[{"href":"https:\/\/softmetais.com.br\/loja\/wp-json\/wp\/v2\/types\/product"}],"wp:featuredmedia":[{"embeddable":true,"href":"https:\/\/softmetais.com.br\/loja\/wp-json\/wp\/v2\/media\/2615"}],"wp:attachment":[{"href":"https:\/\/softmetais.com.br\/loja\/wp-json\/wp\/v2\/media?parent=2612"}],"wp:term":[{"taxonomy":"product_brand","embeddable":true,"href":"https:\/\/softmetais.com.br\/loja\/wp-json\/wp\/v2\/product_brand?post=2612"},{"taxonomy":"product_cat","embeddable":true,"href":"https:\/\/softmetais.com.br\/loja\/wp-json\/wp\/v2\/product_cat?post=2612"},{"taxonomy":"product_tag","embeddable":true,"href":"https:\/\/softmetais.com.br\/loja\/wp-json\/wp\/v2\/product_tag?post=2612"}],"curies":[{"name":"wp","href":"https:\/\/api.w.org\/{rel}","templated":true}]}}