{"id":2493,"date":"2021-06-10T16:47:23","date_gmt":"2021-06-10T19:47:23","guid":{"rendered":"https:\/\/softmetais.com.br\/loja\/?post_type=product&#038;p=2493"},"modified":"2025-07-03T13:49:22","modified_gmt":"2025-07-03T16:49:22","slug":"pasta-para-soldar-soluvel-em-agua","status":"publish","type":"product","link":"https:\/\/softmetais.com.br\/loja\/product\/pasta-para-soldar-soluvel-em-agua\/","title":{"rendered":"Pasta para soldar LAV\u00c1VEL EM \u00c1GUA &#8211; 1 pote com 120 gramas"},"content":{"rendered":"<ul>\n<li><strong>Nome comercial:<\/strong> Pasta para soldar sol\u00favel em \u00e1gua<\/li>\n<li><strong>Peso: <\/strong>110g<\/li>\n<li><strong>Validade:<\/strong> 24 meses<\/li>\n<li><strong>Apresenta\u00e7\u00e3o:<\/strong> em pote com 120g<\/li>\n<li><strong>Onde utilizar:<\/strong> Para a soldagem de tubula\u00e7\u00f5es de cobre em conex\u00f5es de lat\u00e3o, usadas na constru\u00e7\u00e3o de redes de circula\u00e7\u00e3o de \u00e1gua fria (para consumo e prote\u00e7\u00e3o contra inc\u00eandio) e quente (onde tubula\u00e7\u00f5es de pl\u00e1stico n\u00e3o s\u00e3o recomendadas) e de circula\u00e7\u00e3o de gases. Possui agentes que eliminam os \u00f3xidos preparando as superf\u00edcies para uma soldagem perfeita. A diferen\u00e7a \u00e9 que seus res\u00edduos saem com a lavagem em \u00e1gua corrente.<\/li>\n<li><strong>Seguran\u00e7a:<\/strong> Produto corrosivo. Cont\u00e9m Cloreto de Zinco. Usar pincel para aplicar o produto. Lavar as m\u00e3os com \u00e1gua e sab\u00e3o.<\/li>\n<li><strong>Solicitar Ficha de Seguran\u00e7a:<\/strong> FISPQ<\/li>\n<\/ul>\n<h3><strong>ATEN\u00c7\u00c3O: <\/strong>Para compras acima de R$1.000,00 entre com nosso time comercial atrav\u00e9s do <a href=\"https:\/\/api.whatsapp.com\/send?phone=5517997313870\">WhatsApp<\/a>.<\/h3>\n","protected":false},"excerpt":{"rendered":"<p><strong>C\u00f3digo:<\/strong> PS02PP12<br \/>\n<strong>Nome:<\/strong> Pasta para Soldar Hidrossol\u00favel<\/p>\n","protected":false},"featured_media":2494,"template":"","meta":{"_exactmetrics_skip_tracking":false,"_exactmetrics_sitenote_active":false,"_exactmetrics_sitenote_note":"","_exactmetrics_sitenote_category":0},"product_brand":[],"product_cat":[93],"product_tag":[],"class_list":{"0":"post-2493","1":"product","2":"type-product","3":"status-publish","4":"has-post-thumbnail","6":"product_cat-hidraulica","8":"first","9":"instock","10":"featured","11":"taxable","12":"shipping-taxable","13":"purchasable","14":"product-type-simple"},"_links":{"self":[{"href":"https:\/\/softmetais.com.br\/loja\/wp-json\/wp\/v2\/product\/2493","targetHints":{"allow":["GET"]}}],"collection":[{"href":"https:\/\/softmetais.com.br\/loja\/wp-json\/wp\/v2\/product"}],"about":[{"href":"https:\/\/softmetais.com.br\/loja\/wp-json\/wp\/v2\/types\/product"}],"wp:featuredmedia":[{"embeddable":true,"href":"https:\/\/softmetais.com.br\/loja\/wp-json\/wp\/v2\/media\/2494"}],"wp:attachment":[{"href":"https:\/\/softmetais.com.br\/loja\/wp-json\/wp\/v2\/media?parent=2493"}],"wp:term":[{"taxonomy":"product_brand","embeddable":true,"href":"https:\/\/softmetais.com.br\/loja\/wp-json\/wp\/v2\/product_brand?post=2493"},{"taxonomy":"product_cat","embeddable":true,"href":"https:\/\/softmetais.com.br\/loja\/wp-json\/wp\/v2\/product_cat?post=2493"},{"taxonomy":"product_tag","embeddable":true,"href":"https:\/\/softmetais.com.br\/loja\/wp-json\/wp\/v2\/product_tag?post=2493"}],"curies":[{"name":"wp","href":"https:\/\/api.w.org\/{rel}","templated":true}]}}